 + (3 - (11 - 17)) + 4)?
-45
What is the value of -28 + (-23 - 2 - (195 - 259))?
11
Evaluate (4 + -10 - -3) + 74 - (15 - (-81 + 108)).
83
Calculate -2 + 2 + 22 - ((25 - 21) + -8).
26
Calculate 3 - ((41 + -21 - 38) + (1 - 5) + 4).
21
-73337 - -73277 - (3 - 2 - (1 - -12 - 0))
-48
Evaluate 140 + -115 + 27 + 15.
67
What is the value of 40 + (-2 - ((-8 - -11) + 0 + (-8 - 1)))?
44
What is the value of 34 - (-5 - -17 - 1 - 40)?
63
150 - (-124 - -264) - 128
-118
What is the value of (15 + -27 - -21 - 0) + -38?
-29
Evaluate 17 + -16 + -68 + 20.
-47
What is the value of -11 + 9 - 62 - (19 - (-11 + 13))?
-81
What is the value of -42 - (-40 + -4) - -41?
43
What is (-30 - -2) + 3 + 19 + 31 + -63?
-38
-11 + -67 + 27 - (-5 + 6 - 1 - -1)
-52
What is the value of -13 + (-5 + 20 - 11 - -7) + -2 + 6?
2
What is the value of 85 + 0 + -5 + -40?
40
2 + 4 + (-57 + (0 - -3) - (-964 - -987))
-71
What is -9 + (-1 - -21 - (28 - 8 - 15))?
6
What is 82 - ((0 - 0) + (18 + -4 + -27 - -20))?
75
What is 10 - ((106 - 61) + (1 - -5 - -8))?
-49
(9 - (-30 - -49) - -19) + 1 + 2
12
What is the value of 0 + (54 - 0 - (-12 - -25))?
41
14 - 8 - (4 + 0 + -4 + (17 - 15))
4
21 - 33 - (14 - 42) - -83 - (14 + -1)
86
Calculate (-38 - 61) + (-111 - -271).
61
What is 62 + -1 + (36 - 62 - -32) - -3?
70
Calculate -39 - (14 + (3 - -6) + -25 + -4).
-33
20 - ((3 - (-12 + 7)) + -15) - (-3 - 0)
30
Calculate -40 + (-29 - 28 - -12) + 0 + 4.
-81
What is (8 + (9 - 9) - 11) + 47 + -33?
11
What is the value of 22 + (-16 - (-11 - -7)) + 10 + -3?
17
Calculate 0 + 6 - (2 + -37 + 23 - (-5 - -3)).
16
Evaluate 23 + (-90 - -7) - 38 - -4.
-94
(-3 - (9 - 9) - -15) + (21 - 53)
-20
What is -35 + (-31 - (-50 - -11))?
-27
What is (-6 - 36) + (-48 - -98)?
8
-131 - (28 + -71) - -81
-7
Calculate -12 - (-16 + -33 - (0 + -9 + -6 + 8)).
30
Calculate 2151 + -2122 + (35 - 3).
61
What is the value of -87 + (14 - ((7 - -20) + -15 + 1))?
-86
What is 6 + ((-14 + 36 - 24) + -7 - -23)?
20
What is the value of (33 - 0) + -138 + -8 + 45?
-68
20 - ((2 - 0) + 78 - (31 + -30))
-59
(-20 - 73 - -55) + 47
9
What is the value of -31 - (4 - ((15 + -15 - -14) + -10))?
-31
What is the value of 98 - (-65 - (-50 - 125))?
-12
What is 40 + (-1 + 5 - (347 + -362))?
59
50 + 35 + -108 + 46
23
What is the value of 1 + (-6 - (-4 - 0)) + 14?
13
What is 40 - (-271 + 136 + 72)?
103
Calculate (54 - 47) + (2 - 8 - (-2 + -1)) + -54.
-50
Evaluate (-118 - (-31 - 41)) + 0 + -2 + 11.
-37
Evaluate -5 - (18 - -5 - 11 - 2 - 29).
14
What is 29 - (-19 + 48 + 34) - 28?
-62
Evaluate 7 - (14 - (-21 + 41) - 26).
39
3 - 28 - (27 + (20 - (-26 - -65)))
-33
Evaluate 13 + -10 + 7 - (9 + -24 + 34).
-9
Evaluate 57 - 87 - (-36 - 28).
34
Evaluate -63 + (-2 + 2 - -24) + 11.
-28
Calculate (-3 - -121) + -200 + 152.
70
Calculate -83 + (-4 - (-36 - (-32 - -7) - (2 + 2))).
-72
What is the value of (-73 - (-31 - 49)) + (-2 + 3 - -15 - 3)?
20
Calculate (-60 - -8) + 30 + 0.
-22
Evaluate -76 + (-19 - (-10 - 59)) + -28.
-54
Evaluate (10 - 7 - 9) + 18 + 5 + -6 + -103.
-92
(-612 - -615) + -9 + 1 + 4
-1
What is the value of -108 + (94 - 30) + 1 + 5 + -3?
-41
6 - ((-9 - (-12 - -8)) + -10 + -12)
33
-1 + 5 + (-4 - 19) + (16 - 10) + 7
-6
Calculate -6 - ((0 - 9) + -25 + (-26 - -69) - -2).
-17
What is (18 - 54) + 5 - -18 - -35?
22
8 + -25 + (-2 - -21) + 22
24
What is the value of -81 + 7 - -83 - (2 - -3 - (-2 + 0))?
2
-26 - (18 + 0 - (643 - 567))
32
Calculate 257 - (207 - -43) - (-2 + -70).
79
What is -30 - ((22 - 36) + 8 + 12 - (2 - -11))?
-23
Evaluate -1 - 5 - (-440 - -364).
70
What is the value of (21 - (-27 + 61)) + 14 + -1 + 14?
14
What is -59 + (88 - 28) + -39?
-38
What is (39 - 18) + -8 + -22 + 17?
8
What is -30 + -93 + 96 + -1 + 0 + -7 + -11?
-46
What is 62 + (-15 - 21) + -1?
25
(21 - 57 - -63) + (-1 - 49)
-23
Calculate (30 - (-37 - 43)) + -57.
53
What is the value of -13 + (18 + -2 + 13 - 9)?
7
What is the value of -65 - 16 - -160 - 48?
31
Calculate (-1 - -1) + 69 - (71 + 31 + -88).
55
Evaluate -136 - (-64 - 32 - -113).
-153
What is the value of (18 - (-15 - -30)) + (0 - 8 - (-87 - -19))?
63
What is 11 + 8 + -14 + 10 - (78 - 92)?
29
What is the value of -52 - (92 - 74 - 68)?
-2
Calculate -25 - (17 + 65 + 5 - 17).
-95
Evaluate 6 - 9 - -17 - (30 + (34 - 17 - 5)).
-28
11 - ((53 - 37) + -56)
51
Calculate 28 + (7 - -4) + 9 - 10 - 1.
37
Calculate -13 + (28 - (80 + -39) - (1 - 29)).
2
What is the value of 0 + -12 - (-43 - (25 + -48)) - -5?
13
0 + -59 + (36 - (1 - -31)) + -4
-59
What is -16 + 5 + (8 - (8 + (-2 + 6 - 9)))?
-6
What is the value of (-41 - -46) + (25 - 13)?
17
4 - (-20 - (-34 - (-30 - -13))) - -74
81
What is (-714 - -733) + -1 + 29 - 10?
37
What is 1 + 108 + -16705 + 16680?
84
What is the value of -100 - 2 - (217 - 250) - (5 + -2)?
-72
Calculate (34 - 80) + 22 - (-43 - (2 + -12)).
9
(-94 - -77) + (0 - -18) - -125
126
What is 12 + -18 + 13 + 1 + (4 - 6)?
6
What is -42 + (7 + -11 - (-25 + 12))?
-33
What is 1917 + -1909 - (-1 + 33 - (3 + -5)) - 5?
-31
(-17 - 18 - -33) + (-9 - -2) + 7 + 47
45
What is 1 - 10 - ((-4 - (5 + (7 - 16))) + -20)?
11
Calculate (1 - 0 - 15) + 4 + -345 + 326.
-29
Calculate -57 + 11 + -1 + -44 + 54.
-37
Evaluate -4 + 210 + 606 + -697.
115
What is the value of 44 - (154 + -107 + 52)?
-55
2 - 32 - (-11614 - -11606)
-22
Evaluate 13 + -6 + 1 + -21 + -8 + (59 - 24).
14
What is 55 - (-22 - -19) - 23?
35
What is -2 + 1 - -29 - (5507 - 5555)?
76
Calculate 71 + (44 - 48) - 56.
11
-42 + 52 + (7 - 7)
10
(-17 + (18 - 31) - -80) + 7
57
Evaluate -47 - -41 - (-20 + -2) - (11 + 0).
5
Calculate (2 - 25) + (143 - 42) + -108.
-30
((1 - -41) + -52 - (-41 - 0)) + (-1 - -3)
33
Calculate 2 - (-7 + 17 + 11 + -17 + 69).
-71
Evaluate -17 + 132 + (-17 - (-7 + -22)) + 2 + 0.
129
Calculate 0 + 22 + (-5 - -72 - 63).
26
What is -14 + -68 + 96 + 14 + -1?
27
Calculate (-1875 - -1913) + -104 + 0.
-66
Evaluate 43 - (-57 + 195 + -50).
-45
Calculate (41 - 35 - -44 - 43) + (71 - 1).
77
What is the value of (-10 - -21) + -7 + 12 + 2 + 50 + 13?
81
-3 - 9 - (18 - ((-4 - -17) + -3))
-20
(0 + -12 - (-13 + -4) - (2 - 1)) + -1
3
What is 201 - (-4 + 77) - 75?
53
Evaluate -10 + (25 - (6 - 24)).
33
Calculate 10 + 1 + 65 + -72.
4
Evaluate 21 + 0 + (11 - ((-16 - -38) + -20)).
30
What is (-9 - -1) + 468 + -466 - (13 + 2 + 0)?
-21
Calculate -14 + 1 + 0 + 7 + -18.
-24
(-1 - -8) + 0 - (308 + -275 + -19)
-7
What is the value of -11 + (-4 - (-4 + (-90 - 21))) - -11?
111
Calculate (-63 - -99) + -34 - -72.
74
Evaluate (-202 + 111 - -134) + (-11 - 2 - 2).
28
Calculate 43 + (-28 + 76 - 87).
4
21 + (-122 + 139 - 61)
-23
Calculate (10 - 69) + 76 - -51.
68
What is the value of 27 - (-86 + (56 - -125))?
-68
Calculate 12 + (-8 - (-3 - (34 - 17))).
24
Calculate 4 + -14 + (-13 - (15 - 80)) + 12.
54
What is (45 - (77 + -98)) + -141?
-75
Calculate (32 - -2) + 45 + (6 - 0) + (1 - -5).
91
18 + -5 + 2 - (-19 + -10 - -18 - -83)
-57
Calculate -41 - (91 + -145 - (0 + 1)).
14
What is -5946 - -5988 - (-2 + (3 - 1))?
42
Evaluate (27 + 17 - 42) + -97 + -4.
-99
What is the value of 218 + -219 + (-50 - (8 - 4))?
-55
What is -8 + 52 + (15 - 30)?
29
Calculate (84 - -1) + -74 - (2 - (-55 + 4)).
-42
Calculate 12 + (-105 - ((32 + -14 - 31) + (20 - 0))).
-100
Evaluate -10 + (-28 - 70) + 68.
-40
What is the value of (-14 - -1) + (12 - 30) + (-5 + 1 - -3)?
-32
530 + -539 + (-1 - (-1 - 18))
9
Evaluate (114 - (36 - -63)) + (1 - (40 + 0)).
-24
227 + -185 + -8 + -5 + 2
31
Evaluate -2 - 51 - (-1978 - -1980 - (-2 - 5 - 1)).
-63
What is (-28 - -4) + 27 + -5?
-2
Evaluate 7 + (-14 - (19 + 12 + -29 + -2 + -26)).
19
What is -32 + 48 + -32 + -2?
-18
Calculate -28 + (-6 - -11) - ((43 - 62) + 47).
-51
Evaluate 0 + -61 + 31 + -9 + 4 + 8 + 9.
-18
What is the value of (-35 + 123 - 32) + -40 + -42?
-26
(-69 + 108 - 61) + 12
-10
What is -26 - (20 + -11 - (34 + -1 - (23 + -12)))?
-13
37 - (-3 - -34) - (6 + (3 - (-63 + 5)))
-61
Evaluate -4 + 4 + -14 - (-190 - -208).
-32
What is (-2 - ((0 - -13) + 0 - 6)) + -2 + -1?
-12
Calculate -66 + 2 + (-1420 - -1406).
-78
Calculate -99 + (-8 - (-103 + 59)).
-63
Evaluate 51 + (29 - 31 - (0 - 14)) + -6.
57
What is the value of 2 + (-14 - -3) + (-14 - (18 - (2 + 75)))?
36
Evaluate (-14 - -2) + -15 + 7 - (16 + -9).
-27
(9 - 24 - 5 - -4) + 34
18
Calculate -14 + 29 + -56 - (-4 + -3).
-34
What is the value of (257 - 122) + 83 + -109?
109
Ev